 r be (-8)/(-2 - 0/1). Let w = r - 1. Calculate the highest common factor of 12 and w.
3
Let y(r) = -125*r**2 + 1. Let k be y(-1). Let h = 201 + k. Calculate the highest common divisor of h and 7.
7
Suppose 6*d - 12 = 18. Let t(k) = 3*k + 9. Let a be t(d). Suppose -80 = -0*g - 4*g - 4*f, -2*g - 3*f + 44 = 0. What is the highest common divisor of a and g?
8
Let a(g) = 1. Let i(t) = -t**2 + 8*t - 12. Let q(c) = 5*a(c) + i(c). Let b be q(5). Calculate the highest common divisor of 80 and b.
8
Let u(a) = -3 + 1 - 2 + 2*a. Let r be u(5). Suppose -2*q - 2*q = -192. Calculate the greatest common factor of q and r.
6
Suppose 56 = 4*z + 2*o, o - 3 = -z + 10. What is the highest common divisor of 45 and z?
15
Let v = 10 - 6. Calculate the highest common divisor of 1 and v.
1
Let i(b) = -b - 2. Let d be i(4). Let q be 2/(-1) - d - 2. Let u be q + 2 - (4 - 3). What is the greatest common factor of u and 2?
1
Let h be (-2)/((6/20)/(-3)). Calculate the greatest common divisor of h and 30.
10
Suppose 87 = i - 2*u, 2*i = -2*u + 111 + 63. Calculate the highest common factor of 29 and i.
29
Suppose -h + 9 = -10. What is the greatest common factor of 152 and h?
19
Let s(d) = d**3 + 8*d**2 - 16. Let f be s(-7). What is the greatest common factor of 198 and f?
33
Let w(y) = y**2 - 3*y - 11. Let r be w(6). What is the highest common factor of r and 28?
7
Let t be 2208/112 + (-2)/(-7). Calculate the highest common divisor of t and 10.
10
Suppose -4*w - 3*d + 887 = -0*d, -5*d + 1105 = 5*w. Calculate the greatest common factor of w and 14.
14
Let x(l) = -l**3 + 12*l**2 + 14*l - 9. Let s be x(13). Suppose 3*z = -s*u + 16, 3*u = -2*z + 3 + 9. Calculate the highest common factor of 6 and u.
2
Let r be -13 + 27 - (-1*1 + -1). What is the highest common divisor of 56 and r?
8
Let f be ((-20)/8)/((-2)/44). Suppose f + 33 = 2*w. Calculate the greatest common factor of w and 11.
11
Suppose -6*i - 5*i + 3025 = 0. Suppose -13 = 4*q - 113. Calculate the greatest common factor of i and q.
25
Suppose 5*g = 3 + 12. Suppose 0 = -3*w + 2*v + 13, -4*v = -w - g*v + 6. Let i = -9 + 18. What is the highest common divisor of w and i?
1
Suppose 3*a + 10 - 106 = 0. Let f(g) = 3*g - 7. Let d be (1 - 1) + 5/1. Let r be f(d). Calculate the highest common factor of r and a.
8
Let l = -24 - -24. Suppose 5*z - 121 = -4*g - 45, 2*g - z = 24. Let q = l + g. Calculate the greatest common divisor of q and 14.
14
Let u(v) = -16*v**3 - v. Let p be u(1). Let j(a) = 3*a - 10. Let m be j(-6). Let r = p - m. What is the greatest common factor of r and 99?
11
Let h = 91 - 27. Let s(m) = 2*m**2 + m + 2. Let f be s(6). Suppose -f = -0*j - 5*j. What is the greatest common divisor of h and j?
16
Let p be (5/15)/((-2)/(-60)). What is the highest common divisor of 10 and p?
10
Let g be 2*1 - (-3 - -5). Suppose 5*j + g = 5. Suppose -2*t = t - 9. Calculate the highest common factor of j and t.
1
Let h(k) = 2*k**2 + 6*k + 7. Let d be h(-3). Calculate the greatest common factor of d and 63.
7
Let f = 92 - 63. Let c = f - 26. Suppose 0 = 5*d + 5*z + 5, -d - z + 5 = -3*z. Calculate the highest common factor of d and c.
1
Let b be 5 + 1/(1/(-2)). Suppose -3 - b = -w. Let u = 18 - w. Calculate the greatest common divisor of u and 6.
6
Suppose -2*r = -3*i, -4*r = -i - 0*i. Let p be 24/2 - r/3. Calculate the greatest common divisor of p and 6.
6
Suppose -15 = 2*r - 5*r. Suppose -10 - 10 = -r*g. Calculate the highest common divisor of g and 6.
2
Let h = -4 - -4. Suppose 4 = v + 5*d, v = -h*v + 2*d + 32. What is the highest common factor of v and 60?
12
Let d = 1 + 1. Calculate the greatest common divisor of d and 4.
2
Suppose 5*w - 90 = 90. Suppose 0 = 6*h - 3*h - w. What is the greatest common factor of h and 24?
12
Suppose -161 - 92 = -s. Let p = s + -172. Calculate the highest common factor of p and 9.
9
Let n(l) = 13*l**2 + l + 1. Let b be n(-1). Let r be 52 + 1 + 5 + -6. What is the greatest common factor of b and r?
13
Let s = 69 - 57. Calculate the greatest common divisor of s and 132.
12
Let r be 4/10*(-1)/2*-20. Let k(u) = 6*u**2 + 2*u - 4. Let q be k(-3). Calculate the highest common divisor of q and r.
4
Let j(v) = -v**2 - 13*v - 6. Let r be j(-12). Let u = 11 - r. What is the greatest common factor of u and 25?
5
Let v be (-9)/4*(1 - 5). Calculate the greatest common factor of v and 45.
9
Let v(p) = p. Let r be v(-3). Let b = -1 - r. Suppose 3*k - 6*k - 8 = -4*m, 3*k - 4 = -2*m. What is the greatest common factor of b and m?
2
Suppose -5*t = -10*t + 165. What is the greatest common factor of t and 11?
11
Let z(q) = -q**3 - 7*q**2 - 8*q - 6. Let y be z(-7). Suppose -2*h + h - 6 = 0. Let v be (-40)/h*(-9)/(-6). Calculate the highest common divisor of y and v.
10
Let t(s) = s**3 - 16*s**2 + 14*s + 17. Let f be t(15). What is the greatest common factor of f and 8?
2
Let j(g) = 3 - 13*g + 4 - 4. Let h be j(-3). Let x be 7/((-5)/(-2) + -2). Calculate the highest common factor of x and h.
14
Suppose 3*n - 328 - 356 = 0. Calculate the highest common divisor of 38 and n.
38
Let h be 0/((-3)/6*-4). Suppose h = -4*v - 12 - 20. Let s be (3/(-4))/(2/v). Calculate the greatest common factor of s and 21.
3
Let b be 2/(-7) + 12102/21. Suppose v = -3*v + b. What is the highest common divisor of v and 16?
16
Let z be (-6 + 5)*(-15 + 0). Calculate the highest common factor of 15 and z.
15
Let i(q) = q**2 + 7*q + 8. Let a be i(-7). Let c = a - 0. Let m(l) = -4*l + 6. Let t be m(1). Calculate the greatest common factor of t and c.
2
Suppose 5*u - 6 = -1. Let l be (140/(-25))/(u/(-5)). Let f(q) = -4*q - 6. Let d be f(-5). What is the greatest common factor of l and d?
14
Suppose w = 6*z - z + 5, 10 = -3*z + 2*w. Suppose 10 = -2*u, 3*d + 2*u - 314 = -z*u. Calculate the greatest common divisor of 18 and d.
18
Let z = 1 + -5. Let q be z/5*(-35)/2. What is the greatest common factor of q and 70?
14
Suppose -5*c = -4*r - 54, 2*c + 2*c + 5*r = 35. Let z be 5 + (1 + -4)/3. Suppose 0 = -y + 3*y - z. Calculate the greatest common factor of y and c.
2
Let q be 11/(132/(-40))*36/(-15). Calculate the greatest common divisor of q and 20.
4
Let n = 10 - 7. Let i be (-48)/(-9) - 10/(-15). Calculate the highest common factor of i and n.
3
Suppose 4*v - n = -11, -4*v - 5 = -2*n + 5. Let l be (v + -49)*3/(-6). Calculate the greatest common factor of 13 and l.
13
Let n(d) = d**3 + 2*d**2 - d - 1. Let r be n(2). Suppose -9*b = -r*b + 60. Calculate the highest common factor of b and 6.
3
Suppose 3 = 2*v - 7*v - 2*h, 0 = -5*v - 3*h - 7. Suppose -3*d = 5*z - 16, -z + 0*z = -4*d + 29. Calculate the greatest common factor of d and v.
1
Let f be 2 - (-18 + -1 + -2). Let o be 318/14 + (-4)/(-14). What is the greatest common divisor of f and o?
23
Suppose -11 = -r + i + 11, 0 = 4*r + 2*i - 106. Calculate the greatest common divisor of r and 25.
25
Let r = -1 + 17. Calculate the highest common divisor of 16 and r.
16
Let l be 6/(-21) + 2106/21. Let b = l + -60. Suppose -5 = -m + 5. Calculate the greatest common factor of m and b.
10
Let l(h) = h**3 + 2*h**2 + h - 2. Let u be l(-2). Let t be u/(-6) - 22/(-3). What is the highest common divisor of 72 and t?
8
Suppose -14 - 6 = -4*j. Let k = 9 - j. Let i = -63 - -107. What is the greatest common divisor of i and k?
4
Let c be 5*-1*18/(-45). Suppose 0 = 4*a + 4*n - 24, c*n - 16 = -a - 2*a. What is the greatest common factor of a and 12?
4
Suppose 25 = 2*g - g + 5*m, -2*g = 5*m - 35. Suppose 72 = -8*v + 232. Calculate the highest common divisor of g and v.
10
Suppose 0 = u - 14 + 2. What is the highest common factor of u and 12?
12
Let g(f) = f**3 - 3*f**2 - f + 10. Let a be g(5). Let h = 2 + 3. What is the highest common factor of a and h?
5
Suppose 91*a - 24 = 88*a. Suppose 9 = 3*f, 6 = -0*q + q + 2*f. Suppose 0 = o - 4*p, -45 = -o - q*o - 5*p. Calculate the highest common factor of o and a.
4
Let l(o) = o**3 + 10*o**2 - 24*o + 13. Let v be l(-12). What is the greatest common divisor of 351 and v?
13
Let l = 1 + 4. Suppose -2*o - 42 = -l*o. Suppose -4*y = 2 - 10. What is the highest common factor of o and y?
2
Let d be (-52)/(-6) - (-1)/3. Let j be (-2)/d + 220/18. Let o(g) = -g + 9. Let y be o(3). Calculate the highest common factor of j and y.
6
Suppose 5*h - 2*q = 266, -2*h + 5*h = 2*q + 162. Calculate the 